12, what is -424 + -5?
-429
In base 7, what is -2414 + 33?
-2351
In base 6, what is 3 - 151?
-144
In base 2, what is 100 - 11000?
-10100
In base 14, what is 0 + -112?
-112
In base 5, what is -231 + -14?
-300
In base 16, what is -2181 + -4?
-2185
In base 11, what is 59 - -5?
63
In base 7, what is 1 + 25?
26
In base 4, what is -320233 - 2?
-320301
In base 14, what is 0 - 199?
-199
In base 6, what is 1 - -401?
402
In base 4, what is -202 + -12?
-220
In base 10, what is 662 - 5?
657
In base 4, what is -23013 + 0?
-23013
In base 15, what is 40db - 3?
40d8
In base 4, what is 1 - -30?
31
In base 4, what is -3 + -1?
-10
In base 8, what is 10 + 66?
76
In base 15, what is -2 + -38a?
-38c
In base 3, what is 11211 + 210?
12121
In base 13, what is 3 - -62?
65
In base 13, what is 2 - 714?
-712
In base 14, what is -266 + 2?
-264
In base 7, what is 3 - 3052?
-3046
In base 10, what is -563 + 4?
-559
In base 6, what is 4 + -33?
-25
In base 13, what is -36 - 14?
-4a
In base 13, what is 265 - 3?
262
In base 16, what is 521 + 2?
523
In base 5, what is 20 + 1441?
2011
In base 4, what is -11 - 12203?
-12220
In base 16, what is -400 - -2?
-3fe
In base 3, what is 20 + -200?
-110
In base 5, what is 140022 + 0?
140022
In base 15, what is -3 - -40?
3c
In base 7, what is 5 + 0?
5
In base 6, what is -2 - -35?
33
In base 16, what is -b0 + -48?
-f8
In base 14, what is d3 - 5?
cc
In base 12, what is -464 + 1?
-463
In base 15, what is 7 - c3?
-bb
In base 2, what is 0 + 10110100?
10110100
In base 15, what is -106 + 5?
-101
In base 6, what is 2324 + 2?
2330
In base 5, what is 10223 - -10?
10233
In base 3, what is -2 - 102021?
-102100
In base 13, what is -1c5 - -5?
-1c0
In base 16, what is -f + -11d?
-12c
In base 13, what is 907 - 5?
902
In base 16, what is 8 + -1a9?
-1a1
In base 12, what is -85 + -26?
-ab
In base 14, what is -6 - c9?
-d1
In base 16, what is 143 - -4?
147
In base 13, what is -1a2 + -3?
-1a5
In base 15, what is -46 + 4d?
7
In base 11, what is 208 - 4?
204
In base 4, what is 21332 + 0?
21332
In base 5, what is 1103 + 2?
1110
In base 12, what is -5 - -405a?
4055
In base 7, what is -2 - -12533?
12531
In base 16, what is 2e6 - -4?
2ea
In base 4, what is 32 - -3312?
10010
In base 2, what is -1000010 + 110110?
-1100
In base 8, what is 13 - -2323?
2336
In base 4, what is -1 - 0?
-1
In base 16, what is -2 + 7?
5
In base 12, what is -82 + -7?
-89
In base 13, what is 43 + -29?
17
In base 15, what is 3 + -ee?
-eb
In base 9, what is -45 - -3?
-42
In base 6, what is -1300 - -11?
-1245
In base 9, what is 200 + -3?
186
In base 8, what is 701 + 1?
702
In base 10, what is 508 - 4?
504
In base 3, what is -200221 - -12?
-200202
In base 8, what is 72 - 314?
-222
In base 2, what is 10111011100001 - 100?
10111011011101
In base 6, what is 0 + 152?
152
In base 9, what is 31 + 4?
35
In base 7, what is 455 - -14?
502
In base 4, what is 121 - -12011?
12132
In base 13, what is -1c9 + -6?
-202
In base 12, what is 5 + 138?
141
In base 10, what is 274 + -5?
269
In base 3, what is 10 - -101012?
101022
In base 11, what is 751 - 4?
748
In base 10, what is 5 - -117?
122
In base 16, what is 6 + -629?
-623
In base 2, what is -101 - 11101001100?
-11101010001
In base 6, what is -14 - 3?
-21
In base 4, what is 22 - 223?
-201
In base 5, what is 3 - -100322?
100330
In base 4, what is -321 + -1023?
-2010
In base 11, what is 5 + -a1?
-97
In base 15, what is a - 4a8?
-49d
In base 2, what is 0 - -111100000011?
111100000011
In base 3, what is -10 - 101?
-111
In base 5, what is -14 - -211?
142
In base 6, what is -20 - -150?
130
In base 8, what is -4 - -3454?
3450
In base 16, what is 1c89 + -1?
1c88
In base 5, what is -111 - -11011?
10400
In base 12, what is 2 - -2687?
2689
In base 11, what is -2 - -105?
103
In base 6, what is 14 - 215?
-201
In base 15, what is -6 + -69?
-70
In base 4, what is 10 - 30?
-20
In base 13, what is 83 + -1?
82
In base 16, what is 0 - 7c?
-7c
In base 3, what is -120221 - -10?
-120211
In base 2, what is -11 + -1000101?
-1001000
In base 14, what is 3d62 - 3?
3d5d
In base 3, what is 2211 + -11?
2200
In base 3, what is 11 - 211222?
-211211
In base 5, what is 23 - -300?
323
In base 12, what is 1 - 9?
-8
In base 4, what is -20012 + 2?
-20010
In base 12, what is -15 - -a?
-7
In base 5, what is -30314 + -1?
-30320
In base 3, what is -1 - -1112?
1111
In base 6, what is 5 - 201?
-152
In base 4, what is 22221 + -3?
22212
In base 5, what is -24323 - -2?
-24321
In base 2, what is 110001011 + -11?
110001000
In base 5, what is 1 - -1003?
1004
In base 14, what is 25 + -15?
10
In base 8, what is -2 - 36?
-40
In base 16, what is df - -87?
166
In base 7, what is -12 - -5?
-4
In base 7, what is 54 + 1514?
1601
In base 3, what is 11 - 11222212?
-11222201
In base 6, what is 2202 + 0?
2202
In base 3, what is 10 + 110201?
110211
In base 12, what is -2 + -63?
-65
In base 15, what is -a - -5?
-5
In base 6, what is 201 + -11?
150
In base 4, what is 201 - -3?
210
In base 12, what is 3 - 203?
-200
In base 9, what is -2 + -154?
-156
In base 9, what is 123 + 14?
137
In base 10, what is -2 - 58?
-60
In base 12, what is -480 - -3?
-479
In base 9, what is -4 - 261?
-265
In base 10, what is -4 - 794?
-798
In base 10, what is -1 - -302?
301
In base 16, what is -a2 + 2?
-a0
In base 10, what is -7 - 111?
-118
In base 12, what is 3 + 18?
1b
In base 4, what is 13212 + -10?
13202
In base 5, what is -2 + -311?
-313
In base 8, what is -1 - 160?
-161
In base 10, what is 12 - -18?
30
In base 3, what is 12 + -221000?
-220211
In base 11, what is -1a + 20?
1
In base 12, what is -27 - -57?
30
In base 9, what is 2 - -113?
115
In base 3, what is 20 + 1200211?
1201001
In base 15, what is -5 - -393?
38d
In base 11, what is 5882 + 0?
5882
In base 2, what is 101 + 1010111?
1011100
In base 5, what is -133204 - -3?
-133201
In base 15, what is c - -17?
24
In base 14, what is -a6a5 + 5?
-a6a0
In base 15, what is 2b - -3?
2e
In base 11, what is -1003 - -3?
-1000
In base 10, what is 563 - 2?
561
In base 16, what is d5 - -2?
d7
In base 2, what is 1000000 + -10?
111110
In base 14, what is -3 - -31?
2c
In base 10, what is 4277 - 2?
4275
In base 4, what is -1012 + 311?
-101
In base 16, what is -73 + -12?
-85
In base 15, what is -e - d0?
-de
In base 14, what is -15 - 9?
-20
In base 4, what is 20031201 - 2?
20031133
In base 3, what is -202101 + -10?
-202111
In base 12, what is 5 - 10a?
-105
In base 6, what is 1141 - 5?
1132
In base 6, what is 21542 - 4?
21534
In base 10, what is 785 - -2?
787
In base 15, what is -2 - 62?
-64
In base 9, what is 0 + -71?
-71
In base 5, what is 2342 + -3?
2334
In base 2, what is 110000 - -11000?
1001000
In base 3, what is 1201110 - 12?
1201021
In base 7, what is 541 - -1?
542
In base 5, what is 343 + -14?
324
In base 16, what is cfb + 2?
cfd
In base 6, what is 503 + -4?
455
In base 2, what is 1110011101 - 100?
1110011001
In base 10, what is -1160 - 2?
-1162
In base 7, what is 3 - -2024?
2030
In base 4, what is 2 - -2301?
2303
In base 8, what is -1 - -2125?
2124
In base 6, what is -1021 + -4?
-1025
In base 7, what is 4 + -3?
1
In base 6, what is 331 + 0?
331
In base 8, what is 502 - 5?
475
In base 12, what is 846 - 4?
842
In base 2, what is -10101001010 + 1001?
-10101000001
In base 16, what is 15 + 10?
25
In base 2, what is 10000 + -1000?
1000
In base 15, what is -ee3 + 4?
-ede
In base 11, what is -3 + 127a?
1277
In base 5, what is -2 - 123?
-130
In base 16, what is 1ca + 0?
1ca
In base 11, what is 5 + 1715?
171a
In base 10, what is 33 - 3?
30
In base 11, what is -3 + -4514?
-4517
In base 7, what is -1 + 1563?
1562
In base 12, what is -3b - 10?
-4b
In base 15, what is -10 - -3d3?
3c3
In base 11, what is 1 + -671?
-670
In base 7, what is 2 + 43?
45
In base 8, what is -310 - -3?
-305
In base 11, what is 20 - -3?
23
In base 10, what is -1 - -52?
51
In base 10, what is 85 + 0?
85
In base 16, what is 4 - -ca?
ce
In base 3, what is -10 + -122120?
-122200
In base 11, what is -105 - -27?
-89
In base 3, what is 10 + -100220?
-100210
In base 10, what is -1 - 190?
-191
In base 12, what is -2 - -3a?
38
In base 13, what is -15 + 0?
-15
In base 6, what is 3 - 34?
-31
In base 3, what is -11000 + 1?
-10222
In base 4, what is -220212 - -2?
-220210
In base 6, what is 35 - 2203?
-2124
In base 2, what is 1 - -10000?
10001
In base 15, wh